 -n - 24 - 1 = -r*l. What are the prime factors of l?
2
Suppose 3 = 4*t - 1. Suppose -3*s + 2*s - t = 0. What are the prime factors of s*((-6)/1)/1?
2, 3
Suppose 0 = r - 3*r + 22. Suppose -5 = -2*u + r. Suppose -2*c = u, 4*w - 4*c = 62 - 14. List the prime factors of w.
2
Let d = -6 + 9. Suppose 4*f = 2*h + 12, -d = -3*f + 2*h + 5. Suppose -f*k - 9 + 45 = 0. What are the prime factors of k?
3
Suppose 3*p = -2*y + 137, 2*y + 4*p = 6*p + 132. List the prime factors of y.
67
Suppose -3*q + 26 = -28. Suppose 5*p - q - 47 = 0. What are the prime factors of p?
13
Let z(l) = -18*l - 21. What are the prime factors of z(-9)?
3, 47
Suppose -t + 282 = 4*w, 2*w - 2*t = -3*t + 142. What are the prime factors of w?
2, 5, 7
Let g(k) = -k**2 + k - 2. Let f be g(3). What are the prime factors of f/(-68) + (-1424)/(-34)?
2, 3, 7
Let g = -147 - -252. What are the prime factors of g?
3, 5, 7
Let z(a) = 4*a**3 - 1. Let x be z(1). Suppose 0 = 3*u - u + x*w - 1, 13 = 5*u + 4*w. Let i(s) = s**2 - 3*s - 7. List the prime factors of i(u).
3
Suppose 4*l - l = -3. Let j(q) = -8*q**3 - 1. Let w be j(l). Let n = w + 2. What are the prime factors of n?
3
Let x(h) be the third derivative of -h**5/60 + 7*h**4/12 - 13*h**3/6 + 4*h**2. List the prime factors of x(12).
11
Suppose 3*q + n = -2*n + 441, 5*q = 4*n + 717. What are the prime factors of q?
5, 29
Let w(n) = -n**3 + 12*n**2 + 2*n - 2. List the prime factors of w(12).
2, 11
Let c = -17 - -23. Let f(o) = o + 1. Let t(m) = 6*m - 2. Let r(q) = -4*f(q) + t(q). List the prime factors of r(c).
2, 3
Let o be (6 + 34)*(-2)/(-4). Suppose 0 = -5*c - o + 55. What are the prime factors of c?
7
Let z(u) = 114*u + 5. What are the prime factors of z(2)?
233
Let c be (-5 - 1 - -3)*-2. Suppose 0 = 3*b + 2*u - 22, -u + 45 = 5*b - c*u. What are the prime factors of b?
2
Let b be 2/(((-12)/9)/4). Let f = b + 24. List the prime factors of f.
2, 3
Let a(c) = -3*c - 6. Let t(o) = o**2 + 9*o + 6. Let f be t(-4). List the prime factors of a(f).
2, 3
Let a(k) = 2*k**2 + 3*k + 1. Let s be a(-2). Let p be s + (1 - 2) + 2. Suppose -p = -i, -3*h + 3*i = 2*h - 38. What are the prime factors of h?
2, 5
Let g be 156/27 - 2/(-9). Suppose -6 = -2*a, 5*o + 4*a - 26 - g = 0. What are the prime factors of o?
2
Let b = -2 - -5. Let p be b/(-3)*(-1 - 0). Suppose n - 3*d + 2 = -p, 2*d = -5*n + 36. List the prime factors of n.
2, 3
Suppose r + 3 = -2, 200 = 2*j + 2*r. List the prime factors of j.
3, 5, 7
Suppose -o + 5 = 0, -5*i + 765 - 65 = -3*o. List the prime factors of i.
11, 13
Let x(q) = -q**3 - 4*q**2 - q + 1. Let y be x(-4). Suppose -2*r - y*m + 46 = 0, -3*m + 25 = 3*r - 26. What are the prime factors of r?
13
Let j(v) = 7*v**2 - 9*v - 6. List the prime factors of j(-5).
2, 107
List the prime factors of 194/(-5)*(-75)/30.
97
Let n = -66 + 93. What are the prime factors of n?
3
Suppose a + 17 = 3*z - 2*z, -4*a = 4*z - 92. List the prime factors of (-2)/((z/(-18))/5).
3
Let w(j) = -j**3 - 8*j**2 + 7*j - 12. Let i be w(-9). Let b = i - -51. Suppose 0 = -4*p - 2*x + b - 15, 5*x = -p + 6. List the prime factors of p.
11
Let p(r) = r**2 + 8*r + 2. List the prime factors of p(-10).
2, 11
Let s be (-882)/(-10) + 2/(-10). Suppose -2*m + 28 = 3*g - 16, 4*m - 3*g - s = 0. Let k = m + -12. List the prime factors of k.
2, 5
Let x = 215 + -101. What are the prime factors of x?
2, 3, 19
Let x(y) = 2*y + 15. What are the prime factors of x(0)?
3, 5
Let o(v) = 378*v**2 + 2*v - 2. List the prime factors of o(1).
2, 3, 7
Let a(p) = -6*p. Let y be a(-1). List the prime factors of 22/y - 4/6.
3
Let m(w) = 4*w**3 - 3*w**2 + 5*w - 7. Let x(f) = 3*f**3 - 3*f**2 + 4*f - 6. Let l(c) = -2*m(c) + 3*x(c). What are the prime factors of l(3)?
2
Let n(x) = -48*x - 3. Let p(g) = g + 1. Let j(m) = 17*m + 2. Let o(a) = j(a) - p(a). Let r(q) = 4*n(q) + 11*o(q). What are the prime factors of r(-1)?
3, 5
Suppose 0 = -3*n + 4*l + 29, 3*n - 2*l - 12 = 7. Suppose 4*v = n + 1. List the prime factors of v/(-3) - (-22)/3.
7
Let h be (-6 - -5)/(2/(-48)). Suppose -2*f - 10 = -h. Suppose -2*a - 2*u = -23 - f, -2*a + 2*u = -18. List the prime factors of a.
2, 3
Let l be 3 + -1 - 2*1. Suppose l = 3*v - 7*v + 12. Suppose -v*r = -26 + 8. What are the prime factors of r?
2, 3
Suppose -21 = -m + 12. List the prime factors of m.
3, 11
Suppose -y = -5*v - 49 - 6, -5*v = -2*y + 50. Let p = v + 30. Let u = 27 - p. List the prime factors of u.
3
Suppose b + j = -2*b + 112, 33 = b - 4*j. What are the prime factors of b?
37
Let w = 20 + -59. Let j = -18 - w. List the prime factors of j.
3, 7
Let h = 8 - 5. Suppose h = -y - 3*g, -5*y - 45 = 2*g + 3*g. Let f = -7 - y. What are the prime factors of f?
5
Suppose -46 = -4*b - 2*m, 2*m - m = 2*b - 17. List the prime factors of b.
2, 5
Suppose -2*k + 5*n = 19, -3*k = -n - 2*n + 24. Suppose 33 = 4*y - g - 4*g, 36 = 2*y + 4*g. Let r = y + k. What are the prime factors of r?
5
Suppose 2*u + 3*u - 191 = 3*s, 0 = 2*u - s - 77. Suppose -6*i + u = -2*i. What are the prime factors of i?
2, 5
Let n(r) = 6*r**2 + 2*r + 1. Let u be n(-1). Let c(q) = 2*q - 1. Let i(a) = -a + 1. Let x(k) = 3*c(k) + 5*i(k). List the prime factors of x(u).
7
Suppose -c = -4*d - 9, 3*d - 6*d = -5*c + 28. Let f(a) = a**2 - 2*a - 6. What are the prime factors of f(c)?
3
Suppose 0 = -z + 3*h - h + 144, 5*h + 135 = z. What are the prime factors of z?
2, 3, 5
Suppose 0 = 5*k - n - 2*n - 92, 4*k = n + 68. What are the prime factors of k?
2
Suppose 145 = -5*p + 3*a, 0 = -p - 3*a - 7 - 22. Let t = -13 - p. List the prime factors of t.
2
Suppose -9*l = -8*l - 280. List the prime factors of l.
2, 5, 7
Suppose -2*o = a - 1, 7*o - 4*o = -5*a - 16. Suppose 2*h = -o*n + 7, -2 + 0 = 2*n + 3*h. What are the prime factors of n?
5
Let r(v) = -v - 4. Let t(a) = -2*a - 3. Let h(o) = 4*r(o) - 3*t(o). List the prime factors of h(7).
7
Let i be 10/8*(20 - 0). List the prime factors of ((-105)/i)/((-2)/10).
3, 7
Suppose 80 = -2*w + 7*w. Let z = w + -5. List the prime factors of z.
11
Suppose 5*g = -4*k + 173, -k + 79 = k + g. List the prime factors of k.
37
Let i(n) be the third derivative of 17*n**5/60 - n**3/6 + 3*n**2. What are the prime factors of i(1)?
2
Let y be ((-10)/(-3))/(6/45). Let s = y - 10. List the prime factors of s.
3, 5
Suppose -39*l - 202 = -41*l. List the prime factors of l.
101
Let w be 12/10*25/(-10). Let f(y) = -2*y**3 - 4*y**2 - 2*y + 2. List the prime factors of f(w).
2, 13
Let n(j) = j + 5. Let a be n(0). Suppose 3*w - 1 = a*z + 5, 0 = -5*w + 3*z + 10. Suppose 0*r = r - w. List the prime factors of r.
2
Let h(c) = -c. Let f be h(-5). Let k(i) = i**2 - 3*i - 5. List the prime factors of k(f).
5
Let u be ((-2)/(-4))/((-4)/136). Let y = -125 + 85. Let l = u - y. List the prime factors of l.
23
Suppose p + 4*b = 12, -8 = -0*b + 4*b. What are the prime factors of p?
2, 5
What are the prime factors of 23 + -6 + (-1 - 1)?
3, 5
Let f(g) = 2*g**3 - g**2 - 2 - 2*g**2 - 4*g**3. What are the prime factors of f(-3)?
5
Suppose 19 = 2*a + 5*v, -5*a + 3*v + 30 = -2*v. Let c = a - 3. Let i = c + 4. What are the prime factors of i?
2
List the prime factors of (148/(6/(-3)))/(-2).
37
Let f be 1/((9/(-3))/(-33)). Suppose -2*a + 4*i + 10 = 0, -a - a + 6 = -2*i. Let k = a + f. What are the prime factors of k?
2, 3
Let l = 31 + -3. List the prime factors of (l/(-8) + 3)*-16.
2
What are the prime factors of (-5)/25 - 1218/(-15)?
3
Let l = 18 - 12. Let k = 2 + l. List the prime factors of k.
2
Let m(t) = 5*t**2 - 1. Let q be m(-1). Suppose u + q*u = 25. What are the prime factors of (7/u)/((-2)/(-10))?
7
Let y = 8 + -6. Let q(g) = 3*g**2. List the prime factors of q(y).
2, 3
List the prime factors of 158/1 + -3*10/15.
2, 3, 13
Suppose 3*a + 0*a - 177 = 0. Suppose 3*m = -5*k - 49, m - 6 = -5*k - a. Let j = k + 16. What are the prime factors of j?
5
What are the prime factors of ((-18)/27)/((-4)/66)?
11
What are the prime factors of -116*(3 - 0/(-4))/(-2)?
2, 3, 29
Let w(v) = 58*v - 5. What are the prime factors of w(2)?
3, 37
Suppose 2*j + 17 = 4*o + 123, 4*j - 228 = 4*o. List the prime factors of j.
61
Let v(g) = 6 + 3*g + g - 3*g - 3. Let d be v(-2). Suppose 9 - d = a. What are the prime factors of a?
2
Let o = 9 - -12. What are the prime factors of o?
3, 7
Let o(s) = 7*s**3 + s**2 + s - 1. Let n be o(1). Let p be -3*3